 0 = -11*c + 7*c + a. Is c prime?
False
Let u = 72389 - 32980. Is u a composite number?
False
Suppose 4*v = 23*j - 22*j - 223777, 4*j = -4*v + 895128. Is j a prime number?
True
Let h = 53972 - 20583. Is h a composite number?
True
Suppose 437 + 5061 = -2*p - 4*t, 5*p + 13780 = -3*t. Let a = p - -7786. Is a composite?
True
Suppose 40 = 5*x - x - 4*s, x = 3*s + 10. Suppose x*k = 3*k + 595. Is k a composite number?
True
Suppose -q - 9757 = -3*x - 1863, 6 = 3*q. Let w be (-12)/(-15) + (-22961)/(-5). Let c = w - x. Is c prime?
False
Suppose 13*n + 1469783 + 2293526 = 110*n. Is n composite?
True
Suppose 66*u - 65*u - 27 = 0. Suppose -5*n + 7 = -4*f - u, 0 = 5*f - 3*n + 49. Is 2/f + 74565/99 prime?
False
Suppose -5*f - 3*g + 21873 = 0, -f = -4*f + 4*g + 13147. Suppose -2*r - 545 = -f. Suppose -10*c + 6*c = -r. Is c prime?
True
Suppose 2*p = 54*m - 53*m - 120003, 0 = -4*m + 3*p + 480022. Is m prime?
False
Suppose -3*t + 20408 = -7*t. Let f = 2463 - t. Let s = f - 5139. Is s prime?
False
Let t(l) = -9*l**2 + 4 - 15*l**3 + 3 - 18*l + 8 - 3 + 17*l**2. Is t(-9) composite?
True
Suppose 0 = 2*y + 4*q, -y + 4*q - 3*q - 3 = 0. Is (63174/(-16))/((-27)/(-36))*y a composite number?
False
Suppose -4*s - 3*l - 1 = -0, -l = 2*s - 1. Is s/13 - (-97314)/26 a prime number?
False
Suppose 0 = 8*d + 3*d - 66. Suppose 4*p - 159 - d = -y, 5*y - 4*p = 777. Is y a prime number?
True
Let o(n) be the third derivative of 7/6*n**3 + 0 + 22*n**2 + 0*n - 20/3*n**4. Is o(-1) a composite number?
False
Let m(k) be the first derivative of 4*k**3/3 + 3*k**2/2 + 52*k + 131. Is m(31) a prime number?
True
Let z be ((-277728)/(-8))/(-3 + 4) - 4. Suppose f + 2*f = 5*a - 43417, 3*f = -4*a + z. Is a a prime number?
True
Suppose -64 = -7*l + 398. Let r = 66 - l. Suppose -2*q = r, 2*w - 3*q + 5685 = 7*w. Is w prime?
False
Suppose -24*s - 708201 = -998309 - 1051660. Is s prime?
False
Suppose g = 5*n + 123, 0*g = 5*g - 3*n - 549. Let r = g - 96. Suppose 12828 = r*z + 1944. Is z a prime number?
True
Let m = -506 - -503. Is -2*m/(-18)*-19167 a prime number?
True
Let k be -982*(-2 + -6 + 6). Let c = 2826 - k. Is c a composite number?
True
Let s(g) = 142*g - 67. Let x be 5 - (12/6 + -20). Is s(x) a prime number?
False
Suppose 0 = -3*z - 17 + 29. Suppose 0 = o + 3*o - z. Is (-206 + -17)/(-1*o) prime?
True
Let r(y) be the third derivative of y**6/20 + 7*y**5/60 - y**4/3 - 49*y**3/6 - y**2 + 66*y. Is r(8) a prime number?
True
Suppose -270 = 11*s - 38*s. Is 39468/s + 73/365 a prime number?
True
Suppose 0 = -2*l - 4*u + 131918, 5*l - 329775 = -5*u - 0*u. Is l composite?
False
Suppose 0 = -4*b + 978396 - 313240. Is b a prime number?
True
Let p(u) = 5*u**2 + 5*u**2 - u**2 + 9*u**2 - 80 - 21*u. Is p(21) a composite number?
False
Suppose 2*u = -12*u + 91392. Let n = u + -2423. Is n a composite number?
True
Suppose -23594 = -4*a - 0*a + 2*j, 4*a + 2*j - 23574 = 0. Suppose -3 + 1 = -b, -2*r = -5*b - a. Is r composite?
False
Let v = 69 + -62. Suppose 3*f - 2*z = v + 1, -5*z - 9 = -2*f. Suppose -3*p - 1893 = -6*p + f*t, -p = -4*t - 631. Is p composite?
False
Let i(h) = h**3 + 171*h**2 + 189*h - 480. Is i(-79) a composite number?
True
Suppose -z - 77372 = -369691. Is z a prime number?
True
Suppose 13 - 53 = 20*t. Is 1/t*(-12146 - 12) composite?
False
Let p be -6*2/(-20) + (-2337)/(-5). Suppose -15*i - p = 3*i. Is 26840/286 - 4/i a prime number?
False
Suppose -12 = z + 37. Let u = z + 48. Is u + 0 + -3 + 195 a prime number?
True
Let d(a) = -5*a**3 + 381*a**2 - 78*a + 57. Is d(74) prime?
True
Let r(g) = 2*g**2 - 29*g - 58. Let j be r(17). Suppose 31*b - 15532 = j*b. Is b a prime number?
False
Let b(y) = -8 - 16*y - 29 + 0*y. Let i be (37 - 1)*((-408)/(-1836))/(4/(-9)). Is b(i) a prime number?
True
Suppose 0 = -7*y + 23*y - 11*y - 1396345. Is y a prime number?
True
Let t = 211 - 265. Is (-270789)/(-81) - (-4)/t a composite number?
False
Let g = 63 - -3670. Suppose 656 = -l + g. Suppose -9372 = -5*u - l. Is u composite?
False
Let g(x) = -x**3 - 62*x**2 + 9*x + 1081. Is g(-68) a composite number?
True
Suppose 0 = -40*z + 364323 + 45557. Is z prime?
True
Let m = -89 + 110. Suppose 108513 = -12*a + m*a. Is a composite?
True
Let a = -37227 - -16501. Let z be a/(-4) - (-13)/(-26) - 3. Let l = -2035 + z. Is l a prime number?
False
Suppose -2*y + 2*c + 892006 = 0, -3*y - y + 1784012 = -5*c. Is y composite?
False
Let f(w) be the third derivative of 499*w**6/120 - w**5/60 - w**4/24 - 28*w**2. Let v be f(-1). Is v/(-6)*3*2 composite?
False
Let y be -4*1*(-30)/8. Let t be 2*5/((-50)/y). Is (-18162)/(-21) - t/21 composite?
True
Suppose 4*r - 228267 = -2*h + 262921, -3*r + 3*h = -368409. Is r prime?
False
Suppose -3*k - 3 = 39. Let l be (-4)/k + (-6)/(-7)*9403. Is 6/(-4)*l/(-30) a prime number?
False
Let g be 0/(-7 + 5) - 6*461. Is -2*(g/4 - -5) composite?
False
Let v = -1039622 + 2371255. Is v a prime number?
True
Let y(z) be the third derivative of -1/6*z**3 + 0 + 1/30*z**5 - 21*z**2 + 0*z + 5/12*z**4. Is y(12) prime?
False
Let f be (-5)/((-15)/(-6)) - -3. Suppose -28 = -4*q - 5*h, -4*q + f = -h - 3. Is q + -3 + 8/2 + 44 a composite number?
False
Suppose 0 = -2*b + 667 + 16461. Suppose b = -26*t + 64750. Is t a prime number?
True
Let u(c) = 7*c**3 - 18*c**2 - 22. Let l be u(18). Is (5/(2 + 3) + l)*1 a prime number?
False
Let r(d) = d**2 + 3*d + 7. Let t be r(-2). Suppose -3*v = t*q + 37, q = -v - 3*v - 21. Is 541/v*(8 - -4)/(-3) prime?
True
Let x(z) = 5*z**2 + 22*z - 8. Let i be x(-5). Let o(u) = 419*u + 176. Is o(i) a prime number?
True
Is 8781/(-2)*-1192*(-22)/(-264) composite?
True
Let y(g) = -74*g**2 - 14*g + 24. Let m be y(6). Let l = 11647 + m. Is l a prime number?
True
Let k(s) = 1060*s**2 - 2*s + 6. Let w be k(1). Suppose 0 = 5*x + 2*d - 13463 + w, 4*d = -x + 2487. Is x composite?
True
Suppose -14*c + 20 = -8. Is (-340956)/(-700) - c/25 prime?
True
Let v(j) = -133*j**3 - 13*j**2 - 34*j - 8. Is v(-5) prime?
False
Let i = 11 - 6. Let g(r) = -30*r - 2*r**2 + 5*r**3 - 4 - 3*r + 30*r + 5*r**3. Is g(i) prime?
True
Let d(f) = 99*f**2 + 7 - 3 - 44*f + 5 + 27*f. Is d(-4) a prime number?
False
Suppose -5*p - 4*z + 2408855 = 0, -3*z + 383545 = p - 98226. Is p composite?
True
Let k(c) = -4*c - 11. Let r be k(-4). Suppose -h - r*y = -5288, -2*y + 21095 = 4*h - y. Is h a prime number?
True
Suppose -c - 33 + 8 = 0. Let q = c + 23. Is (-12)/(-3)*q/((-8)/479) a prime number?
True
Suppose 4*q + 27 = 39. Suppose -80 = -q*v - c, v + 5*c = -v + 49. Is ((-422)/6)/((-84)/v + 3) a prime number?
False
Suppose 19*o - 51285 = 14*o. Let m(u) = 2*u**3 - 20*u**2 + 2*u + 22. Let q be m(17). Suppose 0 = w + 4*w + 4*n - o, 2*w + 2*n = q. Is w prime?
True
Let a be 2 + (-5)/(-10)*-4. Suppose -1102 = -q - 5*p, -3*p = 3*q - a*p - 3270. Is q a composite number?
False
Let z = -692312 + 1000315. Is z prime?
True
Suppose 13*r - 16*r + 12 = 0. Suppose -982 = -g - h + 2860, -g = -r*h - 3867. Is g a prime number?
True
Let w(k) = k**3 - 19*k**2 + 33*k + 18. Let f be w(17). Let n be 68/8*f + (-1)/2. Is (914/n)/((-11)/(-308)) a composite number?
True
Let j(w) = -129*w - 94. Let g(i) = -i**2 + 12*i - 47. Let b be g(5). Is j(b) a composite number?
True
Suppose -8*p - 419988 = -14*p - 3*z, -6 = -z. Is p composite?
True
Let h be (4 - (-305)/(-5))/(3/597). Let i = -7532 - h. Is i prime?
False
Suppose -4*z = -3*u - 137352, -33*u + 20 = -28*u. Is z composite?
True
Is 227819 - 6/(10/(80/(-6))) composite?
False
Suppose 0*r - 3*r = 3*n - 24417, -2*r = -5*n + 40667. Is n/40 + 0 - (-3)/(-8) a prime number?
False
Suppose -7*k - 11 + 25 = 0. Suppose 0 = 5*c + k*o - 7068 - 7037, -5*o = -c + 2794. Is c composite?
False
Suppose -563 = -22*h + 97. Let w be 306080/h - (0 - 2/(-3)). Suppose 3*n + 5*f = w, 590 = 2*n + 5*f - 6203. Is n composite?
True
Suppose 2*b = 5*b - 6. Suppose -3*j = -a - 2964, 8*j + 1972 = 10*j - 2*a. Suppose 273 + j = b*x. Is x a composite number?
False
Let n(k) = 1804*k**2 - 87*k + 1413. Is n(16) composite?
True
Suppose 0 = -3*r - 3*j + 27, -3*r + 7*r + 3*j - 35 = 0. Suppose 3*z - z = r, -4*n + 28 = 4*z. Suppose 2*q + 16189 = -0*i + n*i, 5*i - q = 26991. Is i prime?
True
Let d(t) = 109*t**2 - 7*t - 7. Suppose 0 = -2*v - 5*h + 74, 0 = -5*h - 8 - 2. Let s be 7/v - (-25)/(-6). Is d(s) composite?
True
Suppose 3*r + 492 = 6*o - o, -4*r + 2*o - 642 = 0. Is (530/r)/(